Calculate the remainder when 1048 is divided by 30.
28
What is the remainder when 39 is divided by 6?
3
Calculate the remainder when 3904 is divided by 63.
61
Calculate the remainder when 165 is divided by 21.
18
Calculate the remainder when 872 is divided by 39.
14
What is the remainder when 85 is divided by 46?
39
What is the remainder when 42 is divided by 25?
17
Calculate the remainder when 1630 is divided by 49.
13
What is the remainder when 347 is divided by 7?
4
What is the remainder when 1993 is divided by 331?
7
Calculate the remainder when 153 is divided by 91.
62
What is the remainder when 116 is divided by 13?
12
Calculate the remainder when 142 is divided by 41.
19
Calculate the remainder when 459 is divided by 20.
19
Calculate the remainder when 431 is divided by 210.
11
Calculate the remainder when 51 is divided by 35.
16
What is the remainder when 623 is divided by 78?
77
Calculate the remainder when 37 is divided by 12.
1
What is the remainder when 212 is divided by 186?
26
Calculate the remainder when 428 is divided by 134.
26
What is the remainder when 85 is divided by 76?
9
What is the remainder when 412 is divided by 18?
16
What is the remainder when 72 is divided by 4?
0
What is the remainder when 1127 is divided by 24?
23
What is the remainder when 1077 is divided by 61?
40
What is the remainder when 401 is divided by 29?
24
What is the remainder when 538 is divided by 45?
43
What is the remainder when 167 is divided by 9?
5
Calculate the remainder when 261 is divided by 12.
9
What is the remainder when 518 is divided by 508?
10
Calculate the remainder when 188 is divided by 176.
12
Calculate the remainder when 208 is divided by 35.
33
What is the remainder when 357 is divided by 40?
37
Calculate the remainder when 16197 is divided by 178.
177
Calculate the remainder when 1166 is divided by 13.
9
What is the remainder when 571 is divided by 58?
49
Calculate the remainder when 86 is divided by 26.
8
What is the remainder when 54 is divided by 4?
2
Calculate the remainder when 363 is divided by 26.
25
What is the remainder when 233 is divided by 59?
56
Calculate the remainder when 8057 is divided by 62.
59
What is the remainder when 212 is divided by 46?
28
What is the remainder when 78 is divided by 10?
8
What is the remainder when 79 is divided by 24?
7
What is the remainder when 342 is divided by 7?
6
Calculate the remainder when 407 is divided by 385.
22
Calculate the remainder when 2951 is divided by 12.
11
What is the remainder when 196 is divided by 30?
16
Calculate the remainder when 327 is divided by 170.
157
Calculate the remainder when 2017 is divided by 333.
19
What is the remainder when 370 is divided by 31?
29
What is the remainder when 632 is divided by 121?
27
Calculate the remainder when 7805 is divided by 64.
61
What is the remainder when 459 is divided by 157?
145
Calculate the remainder when 1278 is divided by 635.
8
Calculate the remainder when 137 is divided by 32.
9
Calculate the remainder when 196 is divided by 66.
64
What is the remainder when 1626 is divided by 180?
6
What is the remainder when 971 is divided by 135?
26
What is the remainder when 116 is divided by 38?
2
Calculate the remainder when 12219 is divided by 130.
129
Calculate the remainder when 13 is divided by 6.
1
Calculate the remainder when 57 is divided by 37.
20
Calculate the remainder when 857 is divided by 46.
29
What is the remainder when 108 is divided by 37?
34
What is the remainder when 10 is divided by 7?
3
Calculate the remainder when 307 is divided by 45.
37
Calculate the remainder when 258 is divided by 83.
9
Calculate the remainder when 284 is divided by 100.
84
Calculate the remainder when 314 is divided by 106.
102
Calculate the remainder when 3902 is divided by 64.
62
What is the remainder when 266 is divided by 29?
5
What is the remainder when 4987 is divided by 263?
253
Calculate the remainder when 106 is divided by 22.
18
Calculate the remainder when 81 is divided by 51.
30
Calculate the remainder when 63 is divided by 39.
24
What is the remainder when 698 is divided by 70?
68
Calculate the remainder when 10526 is divided by 2105.
1
Calculate the remainder when 127 is divided by 117.
10
Calculate the remainder when 257 is divided by 113.
31
Calculate the remainder when 83 is divided by 26.
5
What is the remainder when 465 is divided by 92?
5
Calculate the remainder when 203 is divided by 42.
35
Calculate the remainder when 946 is divided by 19.
15
Calculate the remainder when 202 is divided by 17.
15
Calculate the remainder when 156 is divided by 53.
50
Calculate the remainder when 396 is divided by 222.
174
Calculate the remainder when 210 is divided by 59.
33
Calculate the remainder when 237 is divided by 24.
21
Calculate the remainder when 227 is divided by 46.
43
What is the remainder when 189 is divided by 100?
89
Calculate the remainder when 392 is divided by 196.
0
Calculate the remainder when 166 is divided by 8.
6
What is the remainder when 67 is divided by 39?
28
Calculate the remainder when 1197 is divided by 123.
90
Calculate the remainder when 94 is divided by 63.
31
What is the remainder when 1247 is divided by 16?
15
What is the remainder when 135 is divided by 71?
64
Calculate the remainder when 1003 is divided by 8.
3
Calculate the remainder when 513 is divided by 20.
13
What is the remainder when 2519 is divided by 90?
89
What is the remainder when 169 is divided by 23?
8
Calculate the remainder when 751 is divided by 12.
7
What is the remainder when 995 is divided by 12?
11
Calculate the remainder when 474 is divided by 81.
69
Calculate the remainder when 20986 is divided by 151.
148
Calculate the remainder when 1621 is divided by 25.
21
Calculate the remainder when 118 is divided by 17.
16
What is the remainder when 166 is divided by 22?
12
Calculate the remainder when 1472 is divided by 298.
280
What is the remainder when 105 is divided by 27?
24
What is the remainder when 1024 is divided by 54?
52
Calculate the remainder when 1298 is divided by 212.
26
What is the remainder when 4459 is divided by 72?
67
What is the remainder when 7115 is divided by 2?
1
Calculate the remainder when 97 is divided by 45.
7
What is the remainder when 1666 is divided by 19?
13
Calculate the remainder when 175 is divided by 22.
21
What is the remainder when 729 is divided by 18?
9
What is the remainder when 4196 is divided by 140?
136
What is the remainder when 296 is divided by 76?
68
Calculate the remainder when 228 is divided by 51.
24
Calculate the remainder when 431 is divided by 121.
68
Calculate the remainder when 31624 is divided by 39.
34
Calculate the remainder when 1384 is divided by 690.
4
Calculate the remainder when 335 is divided by 68.
63
Calculate the remainder when 30861 is divided by 26.
25
Calculate the remainder when 59 is divided by 18.
5
Calculate the remainder when 250 is divided by 85.
80
What is the remainder when 131 is divided by 27?
23
What is the remainder when 3524 is divided by 43?
41
What is the remainder when 96 is divided by 51?
45
Calculate the remainder when 2346 is divided by 102.
0
What is the remainder when 10431 is divided by 222?
219
What is the remainder when 1580 is divided by 51?
50
What is the remainder when 767 is divided by 123?
29
Calculate the remainder when 91 is divided by 50.
41
What is the remainder when 3103 is divided by 115?
113
What is the remainder when 2650 is divided by 26?
24
Calculate the remainder when 83 is divided by 22.
17
Calculate the remainder when 447 is divided by 445.
2
Calculate the remainder when 2769 is divided by 84.
81
What is the remainder when 181 is divided by 37?
33
Calculate the remainder when 6686 is divided by 2227.
5
Calculate the remainder when 1460 is divided by 4.
0
What is the remainder when 835 is divided by 16?
3
Calculate the remainder when 67 is divided by 5.
2
Calculate the remainder when 272 is divided by 145.
127
What is the remainder when 182 is divided by 16?
6
What is the remainder when 141 is divided by 20?
1
What is the remainder when 54 is divided by 4?
2
What is the remainder when 1380 is divided by 107?
96
What is the remainder when 1207 is divided by 301?
3
What is the remainder when 501 is divided by 20